ue
Does 10 divide 72157?
False
Does 109 divide 49267?
False
Is 89280 a multiple of 15?
True
Is 9 a factor of 708831?
True
Is 277875 a multiple of 5?
True
Is 64 a factor of 5337216?
True
Is 58 a factor of 6589156?
False
Does 17 divide 238340?
True
Is 82 a factor of 8847964?
True
Does 98 divide 285474?
True
Is 4827984 a multiple of 48?
True
Is 218229 a multiple of 17?
True
Is 52 a factor of 1107288?
True
Is 138 a factor of 18601710?
True
Is 55 a factor of 106975?
True
Is 45727 a multiple of 2?
False
Does 16 divide 269319?
False
Is 13003 a multiple of 110?
False
Is 1149662 a multiple of 9?
False
Is 70 a factor of 108290?
True
Is 15521 a multiple of 321?
False
Is 34587 a multiple of 189?
True
Is 87 a factor of 111447?
True
Does 119 divide 212079?
False
Is 10 a factor of 144601?
False
Does 72 divide 2520?
True
Does 153 divide 268346?
False
Is 960 a factor of 5559360?
True
Does 27 divide 7068811?
False
Does 5 divide 146358?
False
Is 190125 a multiple of 169?
True
Does 375 divide 2839500?
True
Is 3 a factor of 11791?
False
Does 345 divide 165765?
False
Is 48 a factor of 446256?
True
Does 17 divide 5187159?
True
Does 13 divide 4101916?
True
Is 1094407 a multiple of 101?
False
Is 619 a factor of 9642961?
False
Is 1799612 a multiple of 713?
True
Is 44 a factor of 23320?
True
Does 231 divide 143358?
False
Is 257762 even?
True
Is 37 a factor of 487929?
False
Does 28 divide 2543265?
False
Does 10 divide 289480?
True
Does 30 divide 16830?
True
Is 18 a factor of 268910?
False
Does 40 divide 2539606?
False
Does 78 divide 125534?
False
Does 15 divide 5665290?
True
Is 485477 a multiple of 40?
False
Is 71 a factor of 1781517?
False
Does 332 divide 2336616?
True
Is 25 a factor of 84675?
True
Does 36 divide 473160?
False
Does 33 divide 112959?
True
Does 33 divide 888468?
False
Is 8 a factor of 1809980?
False
Is 1471889 a multiple of 9?
False
Is 77398 a multiple of 9?
False
Is 18 a factor of 131760?
True
Is 26 a factor of 35750?
True
Does 27 divide 89475?
False
Is 153855 a multiple of 23?
False
Is 26 a factor of 145288?
True
Does 197 divide 3478549?
False
Is 2442026 a multiple of 423?
False
Is 190278 a multiple of 6?
True
Is 27 a factor of 143127?
True
Does 48 divide 1028128?
False
Is 9 a factor of 8136?
True
Does 281 divide 3922217?
False
Is 949 a factor of 6815504?
False
Does 68 divide 302352?
False
Does 215 divide 11720986?
False
Is 2359543 a multiple of 305?
False
Is 40765 a multiple of 4?
False
Does 3 divide 2344862?
False
Is 8 a factor of 52896?
True
Does 44 divide 532056?
False
Does 9 divide 136377?
True
Is 1025838 a multiple of 9?
True
Is 51 a factor of 836667?
False
Is 17 a factor of 2780282?
True
Does 4 divide 92935?
False
Is 85699 a multiple of 66?
False
Is 265 a factor of 3516285?
True
Does 118 divide 32753?
False
Is 884 a factor of 313993?
False
Is 845742 a multiple of 128?
False
Does 820 divide 2048360?
True
Is 58176 a multiple of 12?
True
Does 46 divide 135240?
True
Is 13 a factor of 525928?
True
Does 10 divide 1011548?
False
Is 117 a factor of 2261493?
True
Is 64 a factor of 742351?
False
Does 20 divide 444160?
True
Does 244 divide 903512?
False
Does 19 divide 111680?
False
Is 289 a factor of 372810?
True
Is 7812960 a multiple of 80?
True
Is 3262384 a multiple of 316?
True
Does 157 divide 345086?
True
Is 12238 even?
True
Is 1744260 a multiple of 210?
True
Is 1062320 a multiple of 35?
True
Is 23 a factor of 23552?
True
Is 30 a factor of 156376?
False
Is 779318 a multiple of 152?
False
Is 6491128 a multiple of 14?
True
Is 282976 a multiple of 32?
True
Is 4286 a multiple of 308?
False
Is 476661 a multiple of 99?
False
Is 2014364 a multiple of 231?
False
Is 159630 a multiple of 25?
False
Is 20 a factor of 877500?
True
Does 50 divide 1492855?
False
Is 817200 a multiple of 20?
True
Is 5828 a multiple of 2?
True
Is 439600 a multiple of 224?
False
Is 16302060 a multiple of 108?
True
Is 9 a factor of 178209?
True
Is 33 a factor of 417615?
True
Is 101 a factor of 146147?
True
Is 62 a factor of 316138?
True
Does 432 divide 7851168?
True
Does 8 divide 803332?
False
Is 2016 a multiple of 6?
True
Is 7 a factor of 49880?
False
Is 618995 a multiple of 89?
True
Is 130583 a multiple of 5?
False
Is 32 a factor of 17216?
True
Does 324 divide 1416932?
False
Does 241 divide 572857?
True
Does 437 divide 5207859?
False
Is 9 a factor of 22828?
False
Is 3 a factor of 906670?
False
Is 7 a factor of 890412?
False
Is 4924536 a multiple of 24?
True
Is 67820 a multiple of 20?
True
Is 46 a factor of 1729186?
True
Is 77 a factor of 30569?
True
Is 220 a factor of 557898?
False
Is 7725234 a multiple of 89?
False
Does 900 divide 1976243?
False
Is 14 a factor of 1724884?
True
Is 66 a factor of 116742?
False
Is 89393 a multiple of 98?
False
Is 629 a factor of 1551981?
False
Is 177416 a multiple of 10?
False
Does 349 divide 321778?
True
Is 8218082 a multiple of 674?
True
Is 3935682 a multiple of 7?
False
Is 13 a factor of 2575443?
True
Is 124992 a multiple of 72?
True
Does 12 divide 2492745?
False
Does 5 divide 13336593?
False
Is 58 a factor of 1010653?
False
Is 35 a factor of 24727?
False
Is 244489 a multiple of 126?
False
Is 79755 a multiple of 13?
True
Is 45 a factor of 260535?
False
Is 298168 a multiple of 13?
True
Does 74 divide 3543194?
True
Is 8 a factor of 9016?
True
Is 643 a factor of 675150?
True
Is 1082646 a multiple of 171?
False
Is 7509251 a multiple of 55?
False
Is 2880269 a multiple of 858?
False
Does 49 divide 2933042?
True
Is 1500198 a multiple of 483?
True
Is 4 a factor of 393908?
True
Is 11547972 a multiple of 9?
True
Does 60 divide 240571?
False
Is 156986 a multiple of 106?
True
Is 1164833 a multiple of 25?
False
Is 1413065 a multiple of 144?
False
Is 1167080 a multiple of 20?
True
Is 2052485 a multiple of 337?
False
Is 16 a factor of 902752?
True
Is 253893 a multiple of 2?
False
Is 38 a factor of 101391?
False
Does 134 divide 305514?
False
Does 426 divide 2837160?
True
Is 7 a factor of 497084?
True
Is 57 a factor of 835851?
False
Is 108578 a multiple of 10?
False
Is 3 a factor of 478554?
True
Is 2231390 a multiple of 727?
False
Is 1232399 a multiple of 49?
True
Does 8 divide 176662?
False
Is 117269 a multiple of 16?
False
Does 1056 divide 1498464?
True
Does 80 divide 21760?
True
Does 6 divide 388795?
False
Is 1459106 a multiple of 638?
True
Is 2635624 a multiple of 58?
False
Does 16 divide 199017?
False
Is 144042 a multiple of 518?
False
Is 176 a factor of 605792?
True
Is 3195634 a multiple of 7?
False
Is 782 a factor of 4556714?
True
Is 158480 a multiple of 73?
False
Is 104 a factor of 1735760?
True
Is 916740 a multiple of 36?
True
Is 1135372 a multiple of 86?
True
Does 1021 divide 2203318?
True
Does 3 divide 48599?
False
Is 403825 a multiple of 145?
True
Does 459 divide 2171?
False
Is 26245 a multiple of 145?
True
Is 147 a factor of 145902?
False
Is 38588 a multiple of 118?
False
Is 239278 a multiple of 13?
True
Is 88 a factor of 1122383?
False
Is 395 a factor of 281240?
True
Is 17791752 a multiple of 57?
True
Is 35644 a multiple of 19?
True
Does 345 divide 2039985?
True
Is 50209 a multiple of 38?
False
Is 40264 a multiple of 3?
False
Is 1355689 a multiple of 29?
False
Does 383 divide 2878873?
False
Does 32 divide 7682048?
True
Is 105 a factor of 185325?
True
Is 355 a factor of 693670?
True
Does 17 divide 369388?
False
Does 2 divide 121158?
True
Is 495 a factor of 1812454?
False
Is 509220 a multiple of 276?
True
Does 6 divide 6377270?
False
Does 777 divide 5448712?
False
Is 419 a factor of 394240?
False
Is 1976930 a multiple of 5?
True
Is 1798464 a multiple of 152?
True
Is 355819 a multiple of 386?
False
Does 528 divide 823928?
False
Is 88044 a multiple of 10?
False
Is 74 a factor of 602064?
True
Does 71 divide 105987?
False
Is 124 a factor of 9424?
True
Is 259006 a multiple of 478?
False
Does 5 divide 38531?
False
Is 4 a factor of 5526991?
False
Is 365576 a multiple of 9?
False
Does 65 divide 150453?
False
Is 138 a factor of 246201?
False
Does 47 divide 135689?
True
Is 94 a factor of 102178?
True
Is 83 a factor of 4319074?
False
Is 29 a factor of 1206487?
True
Is 16 a factor of 546992?
True
Is 178 a factor of 14323767?
False
Is 736 a factor of 179584?
True
Is 35 a factor of 6635507?
False
Is 4 a factor of 3334732?
True
Is 9 a factor of 381551?
False
Does 12 d